v(o) = 2*j(o) - 5*m(o). Let d be v(11). What is the greatest common factor of d and c?
37
Let p(r) = 18*r + 162. Let d be p(-8). Calculate the greatest common divisor of 54 and d.
18
Suppose -5 = 3*g - 26. Suppose 0 = 2*l + 4, 5*x + g*l = 4*l - 1. What is the greatest common factor of 7 and x?
1
Let l = 134 - 94. Calculate the highest common factor of 600 and l.
40
Let o(x) = 0*x**2 - 1464*x + 27 + x**2 + 1484*x. Let k be o(-19). Calculate the highest common divisor of 56 and k.
8
Suppose -4*m + 187 = -193. What is the greatest common divisor of 57 and m?
19
Let h = 4 - 2. Suppose h*u - 3*u - 11 = 0. Let j(k) = -2*k - 1. Let t be j(u). What is the highest common divisor of 63 and t?
21
Let f = -9 + 11. Suppose -f*s = -6*s. Suppose 4*h + 11 = 3*y - 2, s = -3*y - h + 38. What is the greatest common factor of y and 1?
1
Let z be 3/(-12) - (-17)/4. Suppose -4*j + 35 = 5*t, 2*j - 12 = -4*t + z. Let f be (-192)/120*j/(-4). What is the highest common divisor of f and 4?
4
Let u(g) = -g**2 - 11*g - 2. Let m be u(-5). Let w = 28 + -26. Suppose -5*a + 80 = 5*n, -41 - 5 = -3*n - w*a. What is the highest common factor of n and m?
14
Let x be (186/(-4))/(9 - 330/36). Calculate the greatest common divisor of 217 and x.
31
Let a be (-46)/(-4) - 2/4. Suppose 3*b + y = 160, 68*b = 70*b - 4*y - 130. Calculate the greatest common divisor of b and a.
11
Suppose -3*y + 99 = 3*x, -4*y + 2*y = 4*x - 124. Calculate the greatest common divisor of x and 580.
29
Suppose 0 = -2*y - 47 + 49. Let x = 2 + -3. Let n = 6 + x. Calculate the greatest common divisor of n and y.
1
Suppose -2*p - v - 30 = -63, 2*p + 5*v = 29. What is the greatest common divisor of 17 and p?
17
Let h be (0 - -2) + -4 + 3. Let k(u) = 2*u**2 + 3*u**2 + 2*u**2 + 5*u**2. Let w be k(h). What is the highest common factor of w and 18?
6
Let n(v) = 125*v + 22. Let x be n(2). Calculate the greatest common divisor of x and 17.
17
Let l be ((-4)/3)/((-4)/246). Calculate the greatest common divisor of l and 738.
82
Let m be ((-2)/(-3)*1)/((-1)/(-3)). Let l be 4627/28 + 1*m/(-8). What is the greatest common divisor of 15 and l?
15
Let a(w) = 2*w**3 - w**2 - 12*w. Let h be a(0). Let i = 76 + -46. Suppose 5*z - i + 10 = h. What is the greatest common divisor of 4 and z?
4
Let i = 12 + 14. Let a be (-1)/(7/546)*8/(-3). What is the highest common divisor of a and i?
26
Let u = 24 - 28. Let y be 15/(1 + 1/u). Calculate the greatest common divisor of y and 80.
20
Let p be (-94)/3*((-28)/(-7) - 7). What is the greatest common factor of p and 141?
47
Suppose 40*y = -155 + 595. What is the greatest common factor of y and 55?
11
Let y = 76 + -142. Let u be y/(-231) - ((-397)/7 - -1). What is the highest common divisor of u and 8?
8
Let c be ((-308)/112)/(1 + (-218)/216). What is the greatest common divisor of 11 and c?
11
Suppose -37*c + 34*c = 0. Suppose c = -2*m - 4, -5*p = 4*m - 194 - 248. Suppose -4*h + 40 = -0*h. What is the greatest common factor of p and h?
10
Let g = 276 + -275. Calculate the greatest common factor of g and 4.
1
Suppose -4*z - 2*h - 598 = -7*z, 4*h = -z + 190. Suppose 78 + 296 = 17*y. What is the highest common divisor of z and y?
22
Let l = -9 - 3. Let h be (-24)/(8/l*1). Suppose 5*o - 554 = -4*j, 4*o - j - h = 403. Calculate the highest common factor of o and 22.
22
Let q = 119 - 47. Suppose -24*k = -52*k + 252. Calculate the greatest common divisor of q and k.
9
Suppose 0 = 2*r + d + 7 + 2, -2*r - 11 = 3*d. Let s(o) = 3*o**2 - 2*o + 8. Let a be s(r). Calculate the greatest common divisor of a and 8.
8
Let y = -289 + 571. Let c = -31 + 78. What is the highest common factor of c and y?
47
Suppose -19*g + 23*g = 144. Let r(m) = -6 + 3*m + 3 - 3. Let j be r(6). What is the greatest common divisor of g and j?
12
Let g(d) = d**3 - 3*d**2 - 3*d - 9. Let i(y) = -y**3 - 8*y**2 + 5. Let q be i(-8). Let k be g(q). What is the greatest common divisor of k and 39?
13
Let k(i) be the first derivative of -i**3/3 + 9*i**2 - 11*i - 3. Let y be k(17). Suppose -2*a + 136 = y*a. What is the highest common divisor of 153 and a?
17
Let v be ((-3)/(-25)*10)/((-1)/(-60)). Let o = 117 + -69. What is the greatest common divisor of v and o?
24
Let p be (1 - 0)*(0 - -3)/3. Let s be -7 + 4 + (4 - p) + 185. Calculate the greatest common divisor of s and 37.
37
Suppose -4*h - 200 = -4*m, -5*h + 27 = m - 53. What is the highest common factor of m and 1265?
55
Let h(k) = -9*k + 19. Let m be h(-9). Calculate the greatest common factor of m and 350.
50
Suppose -9*y - 29 + 101 = 0. Let g be y/6*(-20 - -5)/(-5). Let m = 92 - 48. What is the highest common factor of m and g?
4
Let c = -604 + 646. What is the greatest common factor of c and 322?
14
Suppose -2*a + 2 = -4*a, 5*c + 5*a - 5935 = 0. Suppose 6*m - c = -0*m. Calculate the greatest common factor of 22 and m.
22
Let k be ((-342)/(-54))/(-1*1/3). Let i = -74 - -53. Let z = k - i. Calculate the highest common factor of 1 and z.
1
Let q be (-99)/99 - 443/(-1). Calculate the greatest common factor of 26 and q.
26
Suppose m = 2*f - 765, -2*m + 4*m - 2*f + 1522 = 0. Let i be 1/(-6) - m/6. Let n be 213/15 - (4 - 2)/10. What is the greatest common factor of n and i?
14
Suppose -4*z = -5*m + 25 - 804, 4*z + 3*m - 787 = 0. What is the highest common divisor of z and 294?
98
Let x(r) = r**2 + 13*r + 12. Suppose -135 = 8*p - 31. Let t be x(p). Calculate the greatest common factor of t and 48.
12
Let y(v) = 18*v**2 + 8*v - 5. Let o be y(1). Calculate the greatest common divisor of o and 1596.
21
Let o = 338 + -160. Suppose b + 144 + o = 5*i, -58 = -i - 3*b. What is the highest common factor of i and 448?
64
Let z be (10*1)/(3 - 2). Suppose b = -5*p + 450, -3*p + b = -5*p + 180. What is the greatest common divisor of z and p?
10
Let s = 375 - 339. What is the highest common divisor of 333 and s?
9
Let g = 123 + -24. Suppose 0*w = -7*w + 63. What is the highest common divisor of g and w?
9
Let l be ((-36)/(-6))/((-9)/(-2) + -3). Calculate the highest common divisor of l and 788.
4
Let r be (((-16506)/105)/(-6))/(1/5). What is the highest common factor of r and 4?
1
Suppose -b = 4 + 6. Let v be 70/25 - 2/b. Suppose n - v*n = -12. What is the greatest common factor of n and 15?
3
Suppose 2*y - 704 = -4*b + 4*y, -y = 0. Calculate the highest common divisor of 11 and b.
11
Let m be ((-408)/476)/((-6)/98). Calculate the highest common factor of 322 and m.
14
Suppose 85 = 3*d - 4*m, 5*d - 9*d + 80 = 3*m. Calculate the highest common divisor of 207 and d.
23
Let m(p) = p + 7. Let y be m(15). Let n = 18 + y. What is the highest common divisor of 10 and n?
10
Let g = -457 - -458. Let b(d) = -d**2 - 4*d + 1. Let i be b(-4). Calculate the highest common factor of i and g.
1
Let n = -116 + 104. Let o = 23 + n. Let d(s) = 10*s**2 + 2*s + 3. Let f be d(3). What is the highest common divisor of o and f?
11
Let m = 37 - 9. Suppose 0 = -2*n + 2*l + 16, -2*n - 4*l - m = -5*n. Let r be (224 - (-4)/n) + -1. Calculate the greatest common factor of r and 32.
32
Let i = 1464 + -1338. What is the highest common divisor of 28 and i?
14
Suppose -6*y = -5424 + 1212. What is the greatest common factor of y and 54?
54
Suppose 4*i - 25*m + 29*m - 4868 = 0, 4*m = -i + 1202. What is the highest common factor of 26 and i?
26
Let k be 3798/15 - (-6)/(-30). Suppose m - 16 = 7. What is the highest common factor of m and k?
23
Suppose -3*a + p = 3*p - 19, a - 8 = -p. Let o be (2 + 1)/(-6)*-4. What is the highest common divisor of o and a?
1
Let h(t) = t**2 - 9*t - 7. Let m be (15/10)/((-6)/(-32)). Let s be h(m). Let c = 28 + s. Calculate the highest common factor of c and 91.
13
Let t be 18 - (5 - (-3 + -1)). What is the greatest common divisor of t and 711?
9
Let r be 16/(-72) + 1524/54. Calculate the greatest common divisor of r and 210.
14
Let y be 2246/20 - 93/310. Calculate the greatest common factor of 28 and y.
28
Suppose 194 = 2*l + 2*j - j, 0 = j - 2. Suppose 5*w + 11 = 3*q - 69, q - 5*w - 30 = 0. Let v = q - 13. What is the highest common factor of l and v?
12
Let w be 2 + 21/(-9) + (-3495)/(-9). Let s = w + -199. Calculate the greatest common divisor of 21 and s.
21
Let m(w) = -w - 7. Let p = 0 + -19. Let r be m(p). What is the greatest common divisor of 48 and r?
12
Suppose 0 = -5*g - 2*c - 9 + 8, 0 = -4*g +